410
In base 7, what is 1 + -134?
-133
In base 14, what is -57 - -6?
-51
In base 14, what is -63 + 2?
-61
In base 6, what is -20452 - 2?
-20454
In base 16, what is -16a - -c?
-15e
In base 8, what is 126 + 4?
132
In base 13, what is 1 + 2a75?
2a76
In base 2, what is 101011 - -100001010?
100110101
In base 3, what is 10 - 112?
-102
In base 7, what is -1 - -23?
22
In base 2, what is 100101100 - 1?
100101011
In base 13, what is -b - -85?
77
In base 14, what is 1a1d + 1?
1a20
In base 9, what is -1 - -282?
281
In base 13, what is 214 + -6?
20b
In base 13, what is -5 + -a12?
-a17
In base 9, what is -26 - 1163?
-1200
In base 6, what is -2 - -10253?
10251
In base 11, what is -109 + -49?
-157
In base 3, what is 1 + 112001?
112002
In base 11, what is -a + 5?
-5
In base 15, what is -2c8b - 3?
-2c8e
In base 12, what is -189 + -6?
-193
In base 15, what is -3 - -304?
301
In base 11, what is a50 + -4?
a47
In base 8, what is 2 + -40?
-36
In base 2, what is 100 - 10111?
-10011
In base 2, what is -10001 - -100111011?
100101010
In base 5, what is 2200 + 3?
2203
In base 8, what is -12 - -1?
-11
In base 16, what is -8 + 405?
3fd
In base 10, what is 2 + -44?
-42
In base 9, what is -71 - -4?
-66
In base 5, what is -31 - -2443?
2412
In base 4, what is -1112 + 20?
-1032
In base 3, what is -1 - 110221?
-110222
In base 6, what is -5 - -335?
330
In base 6, what is -313 - -2?
-311
In base 6, what is -1312 - -1?
-1311
In base 13, what is -2a4 + -4?
-2a8
In base 14, what is 2b2 + -5?
2ab
In base 8, what is -173 - -1?
-172
In base 5, what is -40 + -4443?
-10033
In base 15, what is -47a - -3?
-477
In base 9, what is -8057 + -1?
-8058
In base 3, what is 0 - 1201?
-1201
In base 16, what is 494 + -13?
481
In base 16, what is -55 + -1?
-56
In base 2, what is 1111 - 101000100?
-100110101
In base 4, what is 11 + 11111?
11122
In base 8, what is -1224 + 15?
-1207
In base 8, what is 26 + 3003?
3031
In base 4, what is 221 + 2?
223
In base 10, what is -18 + 0?
-18
In base 10, what is -1066 + 0?
-1066
In base 3, what is 12 + 1212?
2001
In base 15, what is -e9 - 11?
-10a
In base 11, what is 10 - -a4?
104
In base 7, what is -1130 + 5?
-1122
In base 13, what is -1 - -116?
115
In base 10, what is -4 - -674?
670
In base 14, what is -5 + -1351?
-1356
In base 13, what is 16b - 13?
158
In base 3, what is -101 - 200?
-1001
In base 11, what is 212 - -2?
214
In base 5, what is -3 - -1042?
1034
In base 14, what is 25 + -60?
-39
In base 8, what is 4 - -63?
67
In base 9, what is 1 + -143?
-142
In base 12, what is -a93 + 3?
-a90
In base 11, what is -2 + -67?
-69
In base 2, what is 101 - -1000011?
1001000
In base 9, what is 188 - -4?
203
In base 16, what is 927 + 4?
92b
In base 5, what is 143 + 11?
204
In base 10, what is -19 - 14?
-33
In base 10, what is 1 - -50?
51
In base 4, what is -31022 + -21?
-31103
In base 14, what is -759 + -7?
-762
In base 6, what is 144 - -2?
150
In base 9, what is 45 - -2?
47
In base 4, what is -2020 + 2?
-2012
In base 4, what is 10 - 3201?
-3131
In base 11, what is 3 - -111?
114
In base 4, what is -130 + 31?
-33
In base 16, what is 20b0 - 2?
20ae
In base 5, what is -1 - 3204?
-3210
In base 8, what is -6 - -110?
102
In base 15, what is 4 + -43c?
-438
In base 7, what is 6 - 5?
1
In base 14, what is 1 + -11c?
-11b
In base 14, what is -3 + 516?
513
In base 13, what is -201 + -17?
-218
In base 9, what is 22 + -215?
-183
In base 9, what is -11 + 383?
372
In base 14, what is 12 + -8?
8
In base 9, what is 0 - -45?
45
In base 7, what is -2 + -2022?
-2024
In base 3, what is -111021 + -1?
-111022
In base 13, what is -7 + -121?
-128
In base 12, what is 22 + 39?
5b
In base 10, what is 13 + 7?
20
In base 5, what is -123040 + 3?
-123032
In base 11, what is 259 + 0?
259
In base 9, what is 143 - 12?
131
In base 13, what is c + 74?
83
In base 6, what is -4 - -1311?
1303
In base 3, what is -220101 - 1000?
-221101
In base 12, what is 295 + -1?
294
In base 4, what is 1033 - -113?
1212
In base 2, what is 110111 - 100?
110011
In base 7, what is -110 + -11?
-121
In base 5, what is -24 - -2420?
2341
In base 2, what is 10011110110 - -10?
10011111000
In base 3, what is 2012 - 12?
2000
In base 5, what is 210 - -144?
404
In base 14, what is -282 + -9?
-28b
In base 8, what is 0 - -41?
41
In base 5, what is 103 - 3?
100
In base 16, what is 74 + 5?
79
In base 12, what is -2 - -263?
261
In base 6, what is -4 + 2231?
2223
In base 12, what is -20b + -5?
-214
In base 7, what is 1 + 30?
31
In base 8, what is 34 + -14?
20
In base 11, what is 4 - -1494?
1498
In base 2, what is 11000010011 + 111?
11000011010
In base 10, what is 4 + -899?
-895
In base 9, what is -3 - 4324?
-4327
In base 4, what is 30 - 220?
-130
In base 8, what is 15 - 472?
-455
In base 5, what is 3 - -304?
312
In base 2, what is 11 - -11110010000?
11110010011
In base 5, what is -24421 - 3?
-24424
In base 9, what is 13 - 5?
7
In base 14, what is c341 - 4?
c33b
In base 10, what is -10 + -264?
-274
In base 11, what is -2640 + 3?
-2638
In base 7, what is -33 + 3?
-30
In base 14, what is -35 - -18?
-1b
In base 3, what is -1 - -1?
0
In base 7, what is -10 + -2?
-12
In base 14, what is 33 - -3?
36
In base 8, what is -2 + -56?
-60
In base 16, what is 97 + -10?
87
In base 10, what is -15 + -9?
-24
In base 8, what is 4 + 434?
440
In base 6, what is 3 - 30054?
-30051
In base 7, what is -1405 + -4?
-1412
In base 9, what is 211 + -12?
188
In base 7, what is -215 - -3?
-212
In base 14, what is 0 + cb?
cb
In base 11, what is -3 + 383?
380
In base 12, what is -68 + 23?
-45
In base 2, what is -1000 + 110000100?
101111100
In base 4, what is -2 - -102?
100
In base 5, what is 10 - -1440?
2000
In base 5, what is 2104 + -1?
2103
In base 12, what is -6 - 4141?
-4147
In base 13, what is 5b - -2?
60
In base 6, what is -35 + 121?
42
In base 6, what is 233 + 3?
240
In base 5, what is -10212 - 3?
-10220
In base 3, what is 12 - 1220?
-1201
In base 15, what is 5 + 2c?
32
In base 16, what is -700 - 3?
-703
In base 5, what is -210410 + 3?
-210402
In base 16, what is -5 - -df?
da
In base 4, what is 1122 + 233?
2021
In base 5, what is -203 + 2?
-201
In base 14, what is -8 + 214?
20a
In base 4, what is 3 - 1310?
-1301
In base 12, what is -151 - -17?
-136
In base 14, what is 3 + -22?
-1d
In base 2, what is -10 + 101111100111?
101111100101
In base 12, what is 14 + -21?
-9
In base 5, what is 3 - 10043?
-10040
In base 3, what is 10222 - -212?
11211
In base 16, what is -2af2 + 1?
-2af1
In base 15, what is 11 - 123?
-112
In base 3, what is -102211 - -1?
-102210
In base 10, what is 4 + 232?
236
In base 3, what is -10 - 1211221?
-1212001
In base 13, what is -41 - 58?
-99
In base 9, what is 665 - 4?
661
In base 13, what is a + -93?
-86
In base 10, what is -105 - -2?
-103
In base 15, what is 3e8e + -4?
3e8a
In base 16, what is c + 19?
25
In base 11, what is -1059 + -3?
-1061
In base 2, what is 11001110100001 - -100?
11001110100101
In base 14, what is 116 - -3?
119
In base 5, what is 40 - 220?
-130
In base 6, what is -1210 - 1?
-1211
In base 2, what is 11 + 1111111?
10000010
In base 13, what is -2 - -c5?
c3
In base 2, what is -100 - 110?
-1010
In base 12, what is 31 + 16?
47
In base 3, what is -112 - 11112?
-12001
In base 16, what is -5d0 + 5?
-5cb
In base 15, what is 5b - -1?
5c
In base 11, what is a87 - 3?
a84
In base 16, what is 156 - 14?
142
In base 14, what is 81c - -4?
822
In base 13, what is -4 + 1218?
1214
In base 12, what is -3 - 559?
-560
In base 10, what is 1 + 232?
233
In base 13, what is -6 - -1a?
14
In base 4, what is 2032 - 10?
2022
In base 7, what is -14 - 60?
-104
In base 15, what is 5 + -ec?
-e7
In base 2, what is 1000 + 1011011?
1100011
In base 8, what is 3 - -51?
54
In base 6, what is 301 + -3?
254
In base 2, what is 100100111101 - 1100?
100100110001
In base 13, what is 3 + 2?
5
In base 9, what is 2316 + 5?
2322
In base 14, what is 81 + -3?
7c
In base 3, what is -2102 + 1200?
-202
In base 11, what is -85 + 3?
-82
In base 7, what is 0 + -54?
-54
In base 11, what is 2a82 - 3?
2a7a
In base 14, what is 71 + 2a?
9b
In base 7, what is -23 - -2343?
2320
In base 4, what is 20100 + -211?
13223
In base 14, what is -33d - 3?
-342
In base 10, what is 117 - 22?
95
In base 4, what is 10 + -1210?
-1200
In base 15, what is -2a + -11?
-3b
In base 14, what is -1 - 3c0?
-3c1
In base 9, wh